d 57.
19
Calculate the greatest common divisor of 170 and 20.
10
What is the highest common factor of 90 and 4?
2
Calculate the highest common factor of 22 and 22.
22
Calculate the greatest common divisor of 35 and 20.
5
Calculate the highest common factor of 56 and 592.
8
What is the highest common divisor of 902 and 22?
22
Calculate the highest common factor of 2 and 47.
1
Calculate the highest common divisor of 47 and 94.
47
What is the greatest common divisor of 770 and 1232?
154
Calculate the highest common divisor of 22 and 330.
22
What is the greatest common factor of 3087 and 315?
63
What is the highest common divisor of 63 and 45?
9
Calculate the highest common factor of 21 and 1785.
21
Calculate the highest common factor of 1408 and 198.
22
Calculate the greatest common factor of 147 and 42.
21
Calculate the highest common divisor of 140 and 182.
14
Calculate the greatest common factor of 186 and 2139.
93
Calculate the greatest common factor of 100 and 1055.
5
Calculate the greatest common factor of 91 and 217.
7
What is the highest common divisor of 26 and 481?
13
Calculate the greatest common factor of 32 and 224.
32
Calculate the highest common factor of 525 and 50.
25
Calculate the greatest common divisor of 28 and 868.
28
What is the highest common factor of 130 and 10?
10
What is the highest common factor of 2010 and 78?
6
Calculate the highest common factor of 11373 and 3.
3
What is the greatest common factor of 949 and 13?
13
What is the greatest common factor of 279 and 6789?
93
Calculate the highest common divisor of 106 and 10918.
106
Calculate the greatest common divisor of 30 and 4450.
10
What is the greatest common factor of 540 and 675?
135
What is the highest common factor of 480 and 256?
32
Calculate the highest common factor of 68 and 4828.
68
Calculate the highest common divisor of 1224 and 765.
153
What is the greatest common divisor of 1158 and 60?
6
Calculate the highest common divisor of 19 and 209.
19
What is the greatest common factor of 10 and 375?
5
Calculate the greatest common factor of 17 and 5.
1
What is the highest common divisor of 144 and 63?
9
What is the greatest common factor of 18 and 186?
6
What is the highest common divisor of 378 and 336?
42
Calculate the highest common factor of 9 and 1557.
9
Calculate the highest common divisor of 1909 and 83.
83
Calculate the greatest common divisor of 357 and 3672.
51
What is the highest common factor of 174 and 16791?
87
What is the highest common factor of 60 and 12?
12
What is the highest common divisor of 670 and 850?
10
Calculate the greatest common factor of 62 and 4154.
62
Calculate the highest common divisor of 477 and 371.
53
What is the highest common factor of 2625 and 15?
15
What is the highest common divisor of 962 and 52?
26
Calculate the greatest common factor of 2240 and 140.
140
What is the greatest common divisor of 35 and 280?
35
Calculate the highest common factor of 102 and 374.
34
Calculate the highest common factor of 10 and 1695.
5
Calculate the highest common factor of 36 and 15516.
36
What is the highest common factor of 684 and 285?
57
What is the highest common factor of 82 and 2?
2
Calculate the highest common factor of 48 and 3552.
48
Calculate the greatest common factor of 15 and 265.
5
Calculate the highest common factor of 54 and 288.
18
What is the highest common divisor of 1645 and 70?
35
Calculate the highest common factor of 6 and 14.
2
What is the highest common divisor of 204 and 9724?
68
What is the highest common factor of 596 and 4?
4
Calculate the highest common factor of 858 and 715.
143
Calculate the highest common factor of 48 and 624.
48
What is the greatest common factor of 7 and 112?
7
Calculate the greatest common divisor of 13 and 1547.
13
Calculate the highest common factor of 300 and 225.
75
Calculate the highest common factor of 4895 and 110.
55
Calculate the greatest common factor of 1083 and 57.
57
What is the highest common divisor of 24 and 54?
6
Calculate the highest common divisor of 7 and 581.
7
Calculate the highest common divisor of 1696 and 53.
53
What is the greatest common factor of 182 and 14?
14
What is the greatest common factor of 7 and 490?
7
Calculate the greatest common divisor of 268 and 36716.
268
Calculate the highest common divisor of 11384 and 8.
8
What is the highest common divisor of 925 and 74?
37
Calculate the highest common factor of 8050 and 23.
23
Calculate the highest common divisor of 18345 and 75.
15
What is the greatest common divisor of 470 and 658?
94
Calculate the highest common divisor of 62 and 8866.
62
Calculate the highest common factor of 775 and 175.
25
Calculate the highest common factor of 7 and 8.
1
Calculate the greatest common factor of 837 and 744.
93
Calculate the highest common divisor of 132 and 15444.
132
What is the greatest common divisor of 137 and 1781?
137
Calculate the greatest common divisor of 24 and 1416.
24
Calculate the greatest common divisor of 5 and 45.
5
Calculate the greatest common divisor of 154 and 198.
22
Calculate the greatest common factor of 1215 and 1053.
81
What is the highest common divisor of 3 and 11?
1
Calculate the greatest common divisor of 1 and 167.
1
Calculate the highest common factor of 352 and 11.
11
What is the highest common divisor of 42 and 42?
42
Calculate the greatest common factor of 2900 and 8.
4
Calculate the greatest common divisor of 155 and 5.
5
Calculate the highest common factor of 455 and 182.
91
Calculate the greatest common factor of 82 and 41.
41
What is the highest common divisor of 455 and 182?
91
What is the greatest common divisor of 406 and 112?
14
What is the greatest common factor of 140 and 385?
35
What is the highest common factor of 46373 and 158?
79
What is the greatest common factor of 98 and 6566?
98
What is the greatest common factor of 78 and 2106?
78
Calculate the highest common factor of 1577 and 4648.
83
What is the greatest common divisor of 20 and 32?
4
Calculate the greatest common divisor of 83730 and 10.
10
What is the greatest common divisor of 4399 and 747?
83
Calculate the highest common divisor of 520 and 9920.
40
What is the highest common divisor of 3293 and 629?
37
Calculate the highest common divisor of 152 and 931.
19
Calculate the highest common factor of 1577 and 38.
19
What is the highest common divisor of 396 and 108?
36
What is the highest common divisor of 1462 and 1118?
86
Calculate the highest common divisor of 2842 and 294.
98
What is the greatest common divisor of 99 and 36?
9
What is the greatest common factor of 28 and 266?
14
Calculate the highest common divisor of 1743 and 1029.
21
What is the highest common divisor of 100 and 80?
20
What is the highest common factor of 864 and 160?
32
What is the greatest common divisor of 11 and 88?
11
What is the greatest common factor of 203 and 7714?
203
Calculate the greatest common divisor of 660 and 36.
12
Calculate the greatest common divisor of 400 and 25.
25
Calculate the greatest common factor of 240 and 144.
48
Calculate the greatest common factor of 78 and 2054.
26
Calculate the greatest common factor of 5 and 205.
5
Calculate the greatest common factor of 618 and 144.
6
Calculate the highest common factor of 44891 and 11.
11
What is the greatest common divisor of 570 and 57?
57
Calculate the greatest common divisor of 6504 and 120.
24
What is the greatest common divisor of 2778 and 6?
6
What is the highest common divisor of 95 and 57?
19
What is the highest common factor of 7 and 3325?
7
Calculate the greatest common divisor of 4900 and 75.
25
What is the greatest common factor of 39 and 429?
39
Calculate the greatest common divisor of 180 and 1260.
180
What is the highest common divisor of 5 and 62?
1
What is the highest common divisor of 145 and 174?
29
What is the highest common divisor of 15 and 500?
5
What is the greatest common factor of 512 and 24?
8
What is the highest common divisor of 41316 and 132?
132
What is the highest common divisor of 28 and 27748?
28
What is the highest common factor of 108 and 81?
27
Calculate the highest common factor of 8 and 46.
2
What is the greatest common divisor of 533 and 169?
13
What is the highest common divisor of 340 and 460?
20
What is the greatest co